).
11
Let p(y) = -y**3 + 14*y**2 + 16*y - 15. Let w be p(15). Let b(v) be the second derivative of -1/2*v**2 + v + w - 5/6*v**3. Give b(-1).
4
Let o(a) = -3*a + 3. Suppose -s - s = 4*w + 4, 3*w - 4 = -5*s. What is o(s)?
-3
Let k(q) be the second derivative of -q**3/2 - 4*q. Let v = 12 + 8. Suppose -5*l = v, -7*l - 14 = 3*p - 2*l. Determine k(p).
-6
Suppose -5*d - 103 = -118. Let z(i) be the third derivative of 1/24*i**4 + 0*i**d - 1/120*i**6 - 5*i**2 + 0*i + 0 + 1/60*i**5. What is z(1)?
1
Let f(n) = 4*n**2 + n. Suppose -b + 5 = 0, k - 5*k + 2*b = 6. Determine f(k).
5
Let p(w) be the second derivative of -2*w**3/3 - 9*w**2/2 - 3*w. Let i(l) = -2 - 3 + 0 - 2*l. Let h(t) = -11*i(t) + 6*p(t). Calculate h(-1).
3
Let u(k) = -11*k - 2. Let y(q) = -q - 1. Let l(m) = u(m) - 3*y(m). What is l(-1)?
9
Suppose -6*d = -0*d - 24. Let k(a) = a**3 - 4*a**2 - a - 1. What is k(d)?
-5
Let a(q) = q**2 + 5*q + 4. Let u be a(-5). Let d = 3 + -1. Let x(n) = -4 + n - d*n - n**2 + 2*n**2. Determine x(u).
8
Let m(f) = f - 1. Let h(g) = g**3 - g + 5. Let d be h(0). Suppose -t = 3*q, -d*t = -0*q + q - 14. Let o be (-5)/t + (-4)/(-6). Give m(o).
-2
Let t(h) be the third derivative of h**5/60 - h**4/12 - h**3/6 + 4*h**2. Determine t(-1).
2
Suppose 3*l = 26 - 11, -4*g + 28 = 4*l. Let v(h) be the third derivative of 0*h + h**g + 1/60*h**5 + 0 - 5/24*h**4 + 1/2*h**3. Calculate v(3).
-3
Suppose 0 = 2*m + 5*d - 1 - 0, 0 = 4*d + 4. Suppose -18 = m*f - 3*k, 0 = -f + 5*k - 7 - 15. Let q(s) = -s**2 - 4*s - 3. What is q(f)?
1
Let f(u) = 5*u**2 - u - 2. Let n(s) = -s**2 + s + 1. Let w(v) = f(v) + 2*n(v). Suppose -3*h + 4 = h. Determine w(h).
4
Let x(m) = -2*m - 21. Let t be x(-11). Suppose 5*c = 3*c + 8. Let r(o) = -3*o - 3 + 2*o - 4*o**2 + c. What is r(t)?
-4
Let b(w) = -w**3 - 8*w**2 - 7*w + 2. Let n be b(-7). Let y(d) = -2 - 6*d**2 - d**3 - 6*d + 0*d**n + 0*d**3. Determine y(-5).
3
Let m(b) = 3*b - 3. Suppose l + 13 = 5*p, -4*p = -0*p + 3*l - 18. What is m(p)?
6
Let t(m) be the second derivative of 1/2*m**2 + m + 1/2*m**3 + 0 + 1/12*m**4. Calculate t(-3).
1
Let h(u) be the second derivative of u**3/6 + 5*u**2/2 - u. Let n = -6 + 0. Let x be 5/15 + 20/n. Give h(x).
2
Let t(j) = -j + 11. Let n be (4/3)/((-12)/(-72)). Give t(n).
3
Suppose 75*m - 79*m = -4. Let n(w) = w. Calculate n(m).
1
Suppose 2*l - 11 = 2*w - 3, -3*l - 37 = 4*w. Let g(a) be the first derivative of -a**3/3 - 5*a**2/2 + 8*a + 129. What is g(w)?
-6
Let t(h) = -h**3 + h**2 - h + 1. Let d be 2/8 + 1/(-4). Give t(d).
1
Let r(b) be the second derivative of b**5/20 - b**4/4 - b**3/6 + b**2/2 - 7*b. Give r(3).
-2
Let f(q) = q**2 + 9*q + 21. Let a be f(-6). Let j(x) = -x + 5. Determine j(a).
2
Let l(s) = 2*s - 15. Let f(y) = -y + 8. Let h(b) = -11*f(b) - 6*l(b). Let g(k) = k - 1. Let m(n) = -3*g(n) - h(n). Calculate m(1).
-1
Let q(u) = -u**3 - u**2 - 2*u - 2. Suppose -a = -2*l - 6, -3*l + 0 - 10 = -a. Give q(a).
6
Let k(i) be the third derivative of 1/3*i**3 - 1/60*i**5 + 0 + 1/12*i**4 + 0*i + 3*i**2. Calculate k(-2).
-6
Suppose -d + 3 = -0*d. Suppose 7*f - 2*f = 2*m - 25, 0 = 5*f + d*m + 25. Let z(b) = b + 9. Calculate z(f).
4
Let b(y) be the second derivative of 0 - 1/6*y**3 - 2*y + 3/20*y**5 - 1/12*y**4 - 1/2*y**2. What is b(-1)?
-4
Let s(y) = y - 1. Let m be s(6). Let v(z) be the second derivative of z**5/20 - z**4/2 + z**3/2 + 5*z**2/2 - z. Calculate v(m).
-5
Suppose -3*p + 0*p - 15 = 0, 5*d - 5 = 2*p. Let u(j) = 3*j**3 - j - 1. Calculate u(d).
-3
Let t(k) = 7*k**2 - k - 1. Let h be t(-1). Let j(v) = -v + 2. Let x(f) = 4*f - 5. Suppose 6 = 4*s - 2. Let o(z) = h*j(z) + s*x(z). Give o(0).
4
Let b(p) = -11*p - 30. Let t be b(-3). Let d(c) = -c**3 + 4*c**2 - 3*c - 4. What is d(t)?
-4
Suppose -4*u - 3*g = 2*g - 21, -g = -1. Let p(v) be the third derivative of v**6/120 - v**5/15 - v**4/12 - v**3/6 - 3*v**2. Calculate p(u).
-9
Let t(r) = 5*r + 1. Suppose -5 = -5*n - 0*n. What is t(n)?
6
Let h(t) = 0 - 2*t**2 + t**3 + 7*t + 2 - 1 - 6*t**2. Calculate h(7).
1
Let y be (2/5)/((-2)/(-10)). Let d(v) = -22 + 16 + 8 - 4*v. What is d(y)?
-6
Let d(g) be the third derivative of g**5/30 - g**4/12 + 19*g**3/6 - 8*g**2. Let u = 1 - 3. Let s(i) = i**2 - i + 9. Let c(k) = u*d(k) + 5*s(k). What is c(0)?
7
Let h(i) = 3*i**2 - 2 + 2*i + 2 + 1. Suppose r = 3*d - 1 - 6, 5*d - 11 = r. Suppose -2*o - d = -o. What is h(o)?
9
Let c(y) = y + 5. Suppose 4*w - w = 24. Let o = 5 - w. Let i(p) = -p**2 + 4. Let s be i(o). Calculate c(s).
0
Let l = -3 - 1. Let s be 2/(l/18*-3). Let u(q) = q**3 + s*q**3 + 1 + 5 - 3*q**3 - 3*q - 4*q**2. What is u(4)?
-6
Let s be (-2)/(-6) - (-28)/6. Let o = 16 + -13. Let p(l) = o*l + 0 - 4*l + 2. What is p(s)?
-3
Let q = 27 - 35. Let o(r) = -r**2 - 7*r + 6. What is o(q)?
-2
Let y(p) = p**2 - 3*p + 1. Let i(b) = b**3 - b**2 - 4*b - 4. Let m be i(3). Give y(m).
-1
Suppose 7*n - 9*n = 14. Let u(x) = -x**2 - 6*x + 8. Determine u(n).
1
Suppose 2*g + 0*g - p - 5 = 0, -4*g + 3 = 5*p. Let b = g + 2. Let t(n) be the third derivative of -n**6/120 + n**5/15 + n**4/12 - n**3/2 - n**2. What is t(b)?
5
Let i(h) = -h + 5. Let p = 21 + -14. Suppose 20 = p*f - 3*f. Determine i(f).
0
Let s be (-1)/((-2)/2 + 0). Let c(j) = j**2 - 2*j**3 + 12*j**3 - j + 1 - 5*j**3. What is c(s)?
6
Let a(o) be the second derivative of o**3/6 + o**2/2 - 17*o. Let p be 5/3 - 1/(-3). Suppose p*h + 2*i - 4 = 0, -2*i = -h + 5*h - 14. What is a(h)?
6
Let c(h) be the second derivative of h**5/20 - 2*h**4/3 + h**3/3 - 9*h**2/2 + 3*h. Give c(8).
7
Suppose -5*u - 13 = 4*q, 5*u + 28 = -13*q + 14*q. Let p(a) = -a**2 - 8*a + 1. Determine p(u).
16
Let j(m) be the second derivative of m**5/20 - m**4/3 - 5*m**3/6 - m**2/2 - 12*m. Give j(5).
-1
Let y(i) = -i + 3*i**2 - 4*i**2 + 0 + 1. Let s(l) = -5*l**2 - 6*l + 1. Let h be -12*2/8*-1. Let c(q) = h*y(q) - s(q). Give c(-2).
4
Let y(k) = -8*k**2 - 10*k - 29. Let m(j) = -3*j**2 - 3*j - 10. Let d(n) = -11*m(n) + 4*y(n). What is d(7)?
-6
Let t be 6 - (-1 - (0 + -3)). Let c = t - 8. Let h(d) = d**3 - 1 + 3*d**2 + 4*d - 3 + 2*d**2. What is h(c)?
-4
Let u be (3 - 26/10)*5. Let k be -2 + (0 - (u + -7)). Let g(o) = -o**2 + o. Calculate g(k).
-6
Let y be (6/3)/4*-24. Let d be (y/(-9))/(4/6). Suppose -h - h = d. Let v(s) = -s**2. Give v(h).
-1
Let z(j) = -6 + 6 + 5 + j**2 + 3. Calculate z(0).
8
Let u(c) = 6 + 0*c + 4*c**3 - 5*c**3 - 9 - 3*c + 3*c**2. Calculate u(3).
-12
Let i(f) = 4*f - 1. Suppose 29 = -d + 5*d - 5*u, -5*d + 2*u = -15. Suppose d = -4*b + 5*b. Determine i(b).
3
Let p(i) be the second derivative of i**8/6720 + i**7/630 + i**6/240 + i**5/120 - i**4/4 + 2*i. Let x(h) be the third derivative of p(h). Give x(-3).
1
Let v(s) = -s**3 + 7*s**2 - 2*s - 8. Let d be v(6). Let y(c) = -6*c**2 - 6 - 8*c + c**3 + d + 0*c. Give y(7).
3
Let t be ((-11)/13 - -1) + (-140)/65. Let y(x) = -x - 1. Let l(j) = j**3 + 3*j**2 + j + 4. Let g(p) = -l(p) - 2*y(p). Determine g(t).
-8
Let d be 37/7 + (-2)/7. Let k(t) = 3*t**3 - 2*t**3 + 6 - 6*t**2 + 4*t - 2 - 5. Give k(d).
-6
Let d = 3 - 1. Let x be d + -3 - (-2 + 1). Let w(z) = -z**3 - 7. Give w(x).
-7
Let l(v) = -2*v**2 - 7*v. Let w(n) = 4*n**2 + 13*n. Let b(y) = 11*l(y) + 6*w(y). Give b(-2).
6
Suppose f + 3*g + 14 = 0, 0 = -3*f + 2*g - 0 + 2. Let l(o) = -o**3 - o**2 - o - 1. Give l(f).
5
Let v(a) be the first derivative of -a - 2/3*a**3 - 7 - 5/2*a**2. What is v(-4)?
-13
Let b be 4/(-3 + -2 + 7). Let k(x) be the second derivative of 1/2*x**3 - x + x**b + 0 + 1/12*x**4. Determine k(-4).
6
Suppose o - 10 = -5*q, 2*q - 3*q + o - 4 = 0. Suppose -q + 6 = -u. Let l(v) = -1 + 2 - v - 8. Give l(u).
-2
Let t(s) be the third derivative of -1/60*s**5 + 1/24*s**4 + 0 + 1/6*s**3 + 2*s**2 + 0*s. Let v be 5 - (1 - 0) - 1. Determine t(v).
-5
Suppose -3 = -4*g - 15. Let b(w) be the first derivative of -1 + 5/2*w**2 + 3*w + 1/3*w**3. What is b(g)?
-3
Let l(h) = -h - 1. Let t be l(-10). Let v = -9 + t. Let g(r) = -2 - r - r**3 + 2*r**3 - 2*r**3. Calculate g(v).
-2
Let k(o) = -3*o - 9. Let r = 8 + -15. Let d be k(r). Suppose 2*w + d = -0*w. Let q(y) = y**2 + 7*y + 2. Determine q(w).
-4
Let h(b) = 9*b - 11*b + 0 - 5. What is h(-5)?
5
Let h(y) = -5*y + 23. Let s(d) = -20*d + 92. Let l(z) = 9*h(z) - 2*s(z). Let u(o) = -2*o + 11. Let x(i) = 4*l(i) - 9*u(i). Determine x(-7).
7
Let j(c) = 2*c**2 - 7*c - c**2 - 7 + 1 + 9. What